334, j + p = 3*p - 70. Let t = j - u. Calculate the greatest common divisor of 14 and t.
14
Let h be (-2)/(-8) + -2*175/(-40). Calculate the highest common divisor of h and 81.
9
Suppose -3*v = 3*n - 5*n - 125, 0 = -5*v + n + 199. What is the highest common factor of v and 3?
3
Suppose 5 = n, -4*p + 5*n = -2*p + 19. Suppose -1 = -p*o + 8. Suppose 24 = 3*g - o. What is the highest common factor of g and 99?
9
Let t = 1 + 1. Let v be 336/t - (4 - 7). What is the greatest common divisor of 19 and v?
19
Suppose 6*h + 81 = 207. Calculate the greatest common divisor of h and 28.
7
Suppose -2*z = 3*u, z + 3 = -0. Let p(r) = 2*r**2 + 6*r + 2. Let k be p(-5). Calculate the greatest common divisor of k and u.
2
Suppose 16 = 3*y - 2*t, -4*y - 2*t = 2*t + 12. Let p = y - 3. Let n be (-2 + 3)/(p/(-7)). Calculate the greatest common factor of n and 1.
1
Suppose 20 = 3*c + 8. Suppose 46 = 3*v + c. What is the greatest common factor of v and 14?
14
Let n = 154 + -115. Calculate the highest common divisor of n and 39.
39
Suppose 10*k - 56 - 44 = 0. Calculate the greatest common factor of k and 40.
10
Let j be (-2)/(-10) - (-245)/25. Let k = j - -2. Let z = -1 - -7. Calculate the greatest common factor of k and z.
6
Let d(g) = 10*g**3 - g**2 + 2*g - 2. Let w be d(1). What is the highest common factor of w and 15?
3
Suppose -2*z = -4*u - 94, -3*z + 62 = -z + 4*u. Let l = -18 + z. What is the greatest common divisor of l and 7?
7
Suppose 0 = -9*u - 2*u + 110. Calculate the greatest common factor of u and 4.
2
Suppose -2*n = 1 - 15. Suppose -n = -2*z + a, a + a = 2. Suppose 12 = o + 2*l - 76, -3*o = z*l - 264. Calculate the greatest common divisor of o and 11.
11
Suppose 0 = -3*d + 6, 2*n + 3*d = 17 + 15. What is the greatest common divisor of 26 and n?
13
Let j be (2/(-5))/(((-78)/(-900))/(-13)). Calculate the highest common factor of j and 24.
12
Suppose -2*o = o - 27. Calculate the greatest common factor of o and 72.
9
Suppose -2*n - 1 + 29 = 0. Calculate the highest common divisor of 2 and n.
2
Let d(w) = w**2 - 7*w + 11. Let y be d(11). Calculate the greatest common divisor of y and 11.
11
Let q = 6 - 0. Calculate the greatest common divisor of 12 and q.
6
Let m(w) = w**3 + 35*w**2 + 35*w + 64. Let u be m(-34). Suppose 0 = 2*y + 2*o + 3*o - 15, 2*o = -2. What is the greatest common divisor of y and u?
10
Suppose 0 = -2*y - k + 86, y - 5*k = -3*k + 38. Calculate the highest common divisor of y and 168.
42
Suppose 5*u - 96 - 14 = 0. Let p = 33 + -22. Calculate the highest common divisor of p and u.
11
Suppose -90 = -16*y + 6. Suppose 0*a = 5*a - 90. Calculate the greatest common divisor of a and y.
6
Let h(y) = -19*y - 2. Let g be h(-1). Calculate the greatest common factor of g and 153.
17
Suppose -2*j = -7*j + 15. Suppose 2*g - 5*y - 8 = -0*y, 0 = 3*g - j*y - 12. Let n = 16 - g. What is the highest common divisor of 12 and n?
12
Let n be (-78)/(1/(-3)*3). What is the greatest common divisor of 13 and n?
13
Let u be 3/(-2 - -5) + (6 - -1). What is the greatest common factor of u and 56?
8
Suppose 0 = -2*c - 2*c + 16. Suppose 5 = -v - 2*w + 12, -5*v = -c*w + 7. What is the greatest common factor of 7 and v?
1
Suppose -4*r = -2*r - 6. Suppose r*w - 6 = 12. Calculate the highest common factor of 18 and w.
6
Let l be 1 + 3/(6/4). Suppose -5*z = -2*z - 51. Suppose -z = -3*j + 19. Calculate the greatest common divisor of l and j.
3
Suppose 0 = -4*l + l + 378. What is the highest common divisor of 36 and l?
18
Suppose -3*u - g + 32 = -56, -u - 2*g + 26 = 0. Suppose u = x + 4*x. What is the greatest common divisor of 42 and x?
6
Suppose -3*u + 7*u - 1920 = 0. Suppose 0 = f + 2*f - u. Calculate the highest common factor of f and 16.
16
Suppose 5*u - 935 + 189 = -i, 2*u - 5*i = 320. Suppose 0*o + u = 5*o. What is the greatest common divisor of 75 and o?
15
Suppose -8 = a - 14. Let z(k) = 2*k. Let o be z(3). What is the highest common divisor of a and o?
6
Suppose -3 = -4*m + 5. Suppose 58 = 4*l - 2*i, -m*l + 2*i = -l - 19. Calculate the highest common factor of 91 and l.
13
Suppose 3*p + 5*h = 280, -h = 3*p + 28 - 300. What is the greatest common factor of 60 and p?
30
Suppose 320 = -3*f + 13*f. Calculate the greatest common factor of f and 8.
8
Let f = -218 + 371. What is the highest common factor of 17 and f?
17
Let q = -13 - -29. Let v be (4/2)/((-2)/(-4)). What is the greatest common divisor of v and q?
4
Suppose 3*x - 224 = -5*x. Let c = 0 - -4. Calculate the greatest common divisor of c and x.
4
Let z be 2/(-5) + 6/15. Suppose -m - r + 14 = z, -5*r - 92 = -3*m - 34. Calculate the highest common factor of m and 4.
4
Let o = 284 - 274. Let g = -47 - -67. Calculate the highest common divisor of g and o.
10
Let l = 30 - -8. Calculate the highest common factor of 19 and l.
19
Let t(b) = b**2 + 7*b - 6. Let z be t(-8). Suppose -h + 2*i + 2 = 6*i, 0 = h - z*i - 2. Calculate the greatest common factor of h and 3.
1
Let c(u) = u**2 - 4*u + 5. Let p be c(7). Let r be 27/2*p/39. Calculate the highest common divisor of 3 and r.
3
Let b(c) = -c**2 + 14*c + 17. Suppose 3*o - 3*j = -j + 41, 0 = -3*o + 4*j + 43. Let l be b(o). Calculate the greatest common factor of l and 75.
15
Let a(b) = -b**2 - 7*b. Let r = 3 + -1. Suppose -r*t - g + 3 = -6*g, 4*t = -4*g - 36. Let k be a(t). What is the highest common factor of k and 48?
6
Let x be (-2)/(-10)*(-18 + 133). Calculate the greatest common factor of x and 46.
23
Let d(k) = k**3 + 13*k**2 + k + 16. Let s be d(-13). What is the highest common factor of 9 and s?
3
Let k(o) = -696*o**2 - 2*o + 2. Let l be k(2). Let i be 4/(-18) - l/63. Calculate the greatest common divisor of i and 110.
22
Suppose 4*w - 76 - 37 = -3*f, -4*f + 142 = 5*w. Let n = w + -8. What is the greatest common factor of 54 and n?
18
Suppose -4*r + r + 81 = 0. Let u = 214 + -160. What is the highest common divisor of r and u?
27
Suppose -p + 30 = 4*p. Calculate the highest common factor of 54 and p.
6
Let y be (-3)/9 + (-397)/(-3). Let i = 18 - 6. What is the greatest common factor of i and y?
12
Suppose -23 = -3*m - 4*o, 4*m + o - 14 = 4*o. What is the greatest common divisor of m and 45?
5
Let g(b) = -9*b + 3. Let o be g(-2). Let y = o + -5. Let f = -159 + 303. What is the greatest common factor of y and f?
16
Let a = 65 + -35. Suppose -u + a + 24 = 0. Let v be -1*(1 - -1) - -8. Calculate the greatest common factor of v and u.
6
Let o = -27 + 104. Calculate the greatest common divisor of 11 and o.
11
Let h = -31 - -44. What is the highest common factor of 130 and h?
13
Suppose -z = -2*z + 110. What is the greatest common factor of 22 and z?
22
Let t(b) = b - 13. Let c = -7 - 2. Let g be t(c). Let f be (36/8)/((-1)/g). Calculate the greatest common factor of 9 and f.
9
Suppose 0 = -n + 3 + 1. Suppose 2*u = -n*b + 20, u - 12 = -4*b + 4. Let v be 50/u + 2/(-4). Calculate the highest common divisor of v and 36.
12
Let n be 4/(9/8 - 1). Calculate the greatest common divisor of 4 and n.
4
Let m = -8 + 11. Let h(o) = -o**2 + 6*o - 2. Let t be h(m). What is the highest common divisor of 49 and t?
7
Suppose 39 = -2*s + 5*s. Suppose -2*x + s = -5*r, x - 4*r - 12 = -x. What is the highest common divisor of x and 4?
4
Let z = 4 + -8. Let y be 0*1/z*2. Suppose y = -5*b + 4 + 16. What is the greatest common factor of 10 and b?
2
Let k be 8/(-36) - (-29)/9. Suppose r - 172 = -k*s + 3*r, 4*r = s - 74. Calculate the highest common factor of 18 and s.
18
Let o = -4 + 9. Suppose -n - 2*n + 381 = o*f, -n = 4*f - 309. Calculate the highest common divisor of 26 and f.
26
Suppose 5*f = m - 2*m + 2, 0 = 2*f + 3*m + 7. Suppose w - 13*w = -12. Calculate the greatest common divisor of f and w.
1
Suppose -11*x + 1131 = 2*x. Let p(j) = 2*j**2 - 10*j + 1. Let y be p(7). What is the highest common divisor of y and x?
29
Suppose 2*o - 2*p - 16 = 0, 0*o = 5*o - p - 20. Calculate the greatest common factor of o and 51.
3
Let d = -12 + 20. Calculate the greatest common divisor of 2 and d.
2
Let r = -5 + 8. Suppose 4*n = 2*t - 10, 44 = 4*t + n + r*n. Calculate the highest common divisor of t and 63.
9
Suppose -8*r + 109 + 243 = 0. Calculate the highest common factor of r and 11.
11
Suppose -2*g + 4*m - 14 = -0*g, -3*m - 35 = 5*g. Let b be (g/(-3) + 0)*6. What is the greatest common factor of 14 